ds digit of 15265110?
6
What is the millions digit of 4039592?
4
What is the ten thousands digit of 1567350?
6
What is the units digit of 24338536?
6
What is the hundred thousands digit of 208195?
2
What is the hundred thousands digit of 7284480?
2
What is the hundred thousands digit of 132596?
1
What is the hundreds digit of 4191610?
6
What is the units digit of 396662?
2
What is the units digit of 2018646?
6
What is the units digit of 224505?
5
What is the ten thousands digit of 5161503?
6
What is the thousands digit of 59697?
9
What is the tens digit of 561579?
7
What is the tens digit of 2516687?
8
What is the millions digit of 1724344?
1
What is the thousands digit of 1514317?
4
What is the units digit of 41968?
8
What is the thousands digit of 171490?
1
What is the hundreds digit of 2770280?
2
What is the hundreds digit of 375100?
1
What is the hundred thousands digit of 542881?
5
What is the tens digit of 3844544?
4
What is the units digit of 3177318?
8
What is the hundred thousands digit of 540496?
5
What is the tens digit of 4437236?
3
What is the units digit of 216659?
9
What is the hundreds digit of 14016230?
2
What is the thousands digit of 449978?
9
What is the hundreds digit of 921564?
5
What is the units digit of 2164901?
1
What is the thousands digit of 86995?
6
What is the hundred thousands digit of 4667940?
6
What is the hundred thousands digit of 427094?
4
What is the hundred thousands digit of 499797?
4
What is the tens digit of 3042735?
3
What is the ten thousands digit of 7268092?
6
What is the hundred thousands digit of 903692?
9
What is the hundred thousands digit of 286193?
2
What is the ten millions digit of 11214197?
1
What is the hundred thousands digit of 318778?
3
What is the millions digit of 34754811?
4
What is the ten thousands digit of 1775020?
7
What is the hundred thousands digit of 35986160?
9
What is the thousands digit of 356576?
6
What is the ten thousands digit of 1139139?
3
What is the units digit of 5311303?
3
What is the thousands digit of 7832527?
2
What is the hundred thousands digit of 17154121?
1
What is the thousands digit of 303745?
3
What is the hundred thousands digit of 9755745?
7
What is the ten thousands digit of 1189254?
8
What is the ten millions digit of 10864199?
1
What is the ten thousands digit of 2418980?
1
What is the tens digit of 1955173?
7
What is the hundred thousands digit of 549109?
5
What is the thousands digit of 543694?
3
What is the hundreds digit of 93990?
9
What is the tens digit of 4065739?
3
What is the thousands digit of 12849680?
9
What is the thousands digit of 161539?
1
What is the hundreds digit of 1469335?
3
What is the hundred thousands digit of 12666439?
6
What is the hundreds digit of 367784?
7
What is the units digit of 3137579?
9
What is the hundreds digit of 481791?
7
What is the thousands digit of 348854?
8
What is the tens digit of 255060?
6
What is the hundreds digit of 8267043?
0
What is the ten thousands digit of 997130?
9
What is the ten thousands digit of 654099?
5
What is the millions digit of 5277686?
5
What is the ten thousands digit of 26501?
2
What is the ten thousands digit of 2898939?
9
What is the tens digit of 5292257?
5
What is the hundreds digit of 342346?
3
What is the units digit of 596998?
8
What is the hundreds digit of 2165278?
2
What is the thousands digit of 326205?
6
What is the hundred thousands digit of 26911910?
9
What is the hundred thousands digit of 406724?
4
What is the thousands digit of 950765?
0
What is the thousands digit of 191621?
1
What is the hundreds digit of 1746678?
6
What is the units digit of 461631?
1
What is the hundred thousands digit of 5239940?
2
What is the ten thousands digit of 18129?
1
What is the hundred thousands digit of 4607275?
6
What is the thousands digit of 27268476?
8
What is the ten thousands digit of 2184697?
8
What is the hundred thousands digit of 575153?
5
What is the millions digit of 14770942?
4
What is the hundreds digit of 28661?
6
What is the tens digit of 138858?
5
What is the ten thousands digit of 389112?
8
What is the ten thousands digit of 240550?
4
What is the thousands digit of 884640?
4
What is the thousands digit of 380779?
0
What is the units digit of 6513256?
6
What is the hundreds digit of 6518674?
6
What is the tens digit of 456111?
1
What is the units digit of 1949761?
1
What is the ten millions digit of 30633425?
3
What is the thousands digit of 266360?
6
What is the thousands digit of 65760?
5
What is the thousands digit of 822264?
2
What is the units digit of 11500487?
7
What is the ten thousands digit of 1582804?
8
What is the tens digit of 380260?
6
What is the millions digit of 2754965?
2
What is the hundred thousands digit of 1116828?
1
What is the thousands digit of 728872?
8
What is the units digit of 4078733?
3
What is the tens digit of 145909?
0
What is the units digit of 1819213?
3
What is the thousands digit of 190760?
0
What is the units digit of 99711?
1
What is the thousands digit of 12251140?
1
What is the ten thousands digit of 28086840?
8
What is the units digit of 459072?
2
What is the tens digit of 600295?
9
What is the hundreds digit of 624630?
6
What is the hundreds digit of 3366795?
7
What is the ten thousands digit of 25429657?
2
What is the hundreds digit of 359103?
1
What is the hundreds digit of 1610891?
8
What is the ten thousands digit of 1837175?
3
What is the hundred thousands digit of 529499?
5
What is the hundreds digit of 38337?
3
What is the hundred thousands digit of 7118573?
1
What is the thousands digit of 23421496?
1
What is the hundred thousands digit of 470431?
4
What is the hundreds digit of 3267667?
6
What is the thousands digit of 741712?
1
What is the hundred thousands digit of 2662069?
6
What is the units digit of 247530?
0
What is the ten millions digit of 27872846?
2
What is the thousands digit of 1998260?
8
What is the units digit of 633875?
5
What is the hundred thousands digit of 227474?
2
What is the hundreds digit of 307181?
1
What is the hundred thousands digit of 32466141?
4
What is the thousands digit of 3900483?
0
What is the tens digit of 129352?
5
What is the thousands digit of 1905?
1
What is the hundreds digit of 483317?
3
What is the millions digit of 2103700?
2
What is the millions digit of 19624550?
9
What is the tens digit of 267265?
6
What is the hundreds digit of 139389?
3
What is the hundred thousands digit of 34135802?
1
What is the hundreds digit of 363760?
7
What is the thousands digit of 3519888?
9
What is the hundreds digit of 94187?
1
What is the ten thousands digit of 21952234?
5
What is the thousands digit of 296524?
6
What is the units digit of 118717?
7
What is the hundreds digit of 259431?
4
What is the millions digit of 6914590?
6
What is the thousands digit of 98373?
8
What is the ten thousands digit of 12410423?
1
What is the ten thousands digit of 252338?
5
What is the tens digit of 10420067?
6
What is the units digit of 191378?
8
What is the hundred thousands digit of 160765?
1
What is the ten thousands digit of 12296137?
9
What is the hundreds digit of 13001740?
7
What is the ten thousands digit of 662382?
6
What is the thousands digit of 386038?
6
What is the ten thousands digit of 17415457?
1
What is the tens digit of 1347551?
5
What is the tens digit of 312181?
8
What is the hundred thousands digit of 11416191?
4
What is the hundred thousands digit of 638126?
6
What is the units digit of 379990?
0
What is the thousands digit of 207725?
7
What is the thousands digit of 413051?
3
What is the millions digit of 3848785?
3
What is the hundreds digit of 3319722?
7
What is the hundreds digit of 275643?
6
What is the thousands digit of 20775991?
5
What is the tens digit of 540399?
9
What is the tens digit of 397452?
5
What is the hundred thousands digit of 5566475?
5
What is the hundred thousands digit of 18630589?
6
What is the hundred thousands digit of 129691?
1
What is the hundreds digit of 434195?
1
What is the units digit of 80947?
7
What is the thousands digit of 322371?
2
What is the thousands digit of 350159?
0
What is the hundred thousands digit of 1311648?
3
What is the hundred thousands digit of 35510108?
5
What is the thousands digit of 309015?
9
What is the tens digit of 